se 9?
83444
-110100100 (base 2) to base 13
-264
What is -3170 (base 9) in base 12?
-1423
What is -31215 (base 7) in base 3?
-101111120
What is 1141 (base 16) in base 6?
32241
Convert -1056 (base 15) to base 3.
-11202000
1430403 (base 5) to base 14
ad83
What is -12221 (base 4) in base 3?
-120202
What is 108754 (base 9) in base 16?
ffd9
Convert adcd (base 15) to base 7.
212326
12032 (base 4) to base 14
206
What is -1000 (base 11) in base 4?
-110303
What is 448d (base 15) in base 9?
21837
What is 10002111 (base 4) in base 7?
66126
-13820 (base 9) to base 8
-22306
Convert 1010011100 (base 2) to base 8.
1234
Convert 678 (base 16) to base 13.
9a5
Convert 3042 (base 12) to base 7.
21155
Convert -103 (base 7) to base 6.
-124
What is -10386 (base 9) in base 3?
-100102220
Convert 10000110000100111 (base 2) to base 3.
10111011111
Convert 50c6 (base 13) to base 3.
120021212
-454 (base 10) to base 6
-2034
11720 (base 8) to base 12
2b28
141 (base 16) to base 12
229
101202121 (base 3) to base 9
11677
Convert 1243200 (base 5) to base 10.
24800
Convert -850 (base 10) to base 8.
-1522
123130 (base 4) to base 6
12044
What is 20340 (base 8) in base 12?
4a54
-a43a (base 12) to base 9
-26501
What is -10202211 (base 3) in base 4?
-222331
-6c (base 14) to base 7
-165
-42f4 (base 16) to base 4
-10023310
Convert -10483 (base 13) to base 12.
-14b94
Convert 45b (base 13) to base 7.
2123
What is -265 (base 16) in base 13?
-382
What is -1121201202 (base 3) in base 8?
-76210
Convert 71 (base 10) to base 16.
47
What is -3344 (base 5) in base 13?
-2a6
What is 1000000111000 (base 2) in base 15?
136c
-14233 (base 6) to base 3
-10002110
Convert -2618 (base 10) to base 4.
-220322
254 (base 7) to base 14
9b
Convert -2055 (base 9) to base 13.
-8c0
Convert -10011022 (base 3) to base 16.
-8ff
Convert -130013 (base 4) to base 9.
-2418
1030 (base 8) to base 13
323
Convert -2423 (base 6) to base 10.
-591
What is -1025 (base 6) in base 8?
-351
1016 (base 9) to base 11
617
-1479 (base 14) to base 16
-e33
What is 2cc (base 16) in base 13?
431
-112 (base 3) to base 8
-16
Convert 10102 (base 5) to base 6.
3004
Convert 1603 (base 8) to base 4.
32003
Convert 1584 (base 11) to base 2.
11111101100
1020122 (base 3) to base 11
756
-110110001001 (base 2) to base 9
-4670
Convert 16040 (base 11) to base 14.
8395
441 (base 10) to base 6
2013
Convert 4006 (base 9) to base 11.
2217
What is -10321 (base 12) in base 8?
-51311
-289a (base 14) to base 2
-1110000011000
What is -16677 (base 12) in base 9?
-47871
What is -31 (base 11) in base 4?
-202
-19225 (base 11) to base 2
-110100100001001
What is -2471 (base 13) in base 3?
-21002012
What is 4cd (base 15) in base 8?
2105
What is -414 (base 6) in base 16?
-9a
Convert -1344043 (base 5) to base 3.
-1102102220
Convert 1c50 (base 15) to base 5.
144100
10232 (base 11) to base 8
35106
Convert 16236 (base 10) to base 13.
750c
Convert 106d (base 15) to base 6.
24034
What is 1a4 (base 15) in base 10?
379
-53 (base 15) to base 16
-4e
Convert 1a40 (base 13) to base 9.
5356
Convert 2000 (base 4) to base 10.
128
145a (base 13) to base 4
232010
What is 15516 (base 10) in base 13?
70a7
What is -131630 (base 8) in base 16?
-b398
What is 1242 (base 6) in base 11?
266
-13444 (base 6) to base 12
-1284
Convert 1069 (base 11) to base 12.
992
Convert 1110110110 (base 2) to base 8.
1666
Convert 1d3 (base 14) to base 10.
381
What is -866 (base 10) in base 15?
-3cb
What is -1456 (base 7) in base 8?
-1104
What is -164 (base 13) in base 4?
-3323
What is -330131 (base 4) in base 11?
-29a8
10212131 (base 4) to base 16
499d
Convert -5768 (base 11) to base 2.
-1110110011000
What is -201240 (base 5) in base 15?
-1d9a
What is -134 (base 9) in base 6?
-304
-413 (base 11) to base 12
-356
-11011000010101 (base 2) to base 7
-55236
-3556 (base 8) to base 15
-86c
Convert -a0 (base 16) to base 4.
-2200
1b895 (base 12) to base 15
c23e
-2022 (base 3) to base 5
-222
What is 4867 (base 12) in base 14?
2d79
20f (base 16) to base 14
299
What is -2304 (base 6) in base 11?
-455
What is 11100 (base 2) in base 15?
1d
What is -56038 (base 9) in base 15?
-b05e
What is -3445 (base 14) in base 7?
-35315
Convert -10100110110110 (base 2) to base 11.
-8028
Convert 1547 (base 13) to base 10.
3101
What is -477 (base 15) in base 8?
-1764
What is -1026 (base 12) in base 14?
-8d8
-14517 (base 8) to base 3
-22212222
4188 (base 10) to base 7
15132
What is -10341 (base 5) in base 12?
-501
What is 306 (base 13) in base 7?
1332
3665 (base 8) to base 15
8b8
Convert 3c9 (base 16) to base 9.
1286
What is 321 (base 13) in base 2?
1000010110
What is -303141 (base 5) in base 6?
-113204
What is 313233 (base 4) in base 11?
2753
What is -2014 (base 9) in base 2?
-10110111111
What is 142202 (base 5) in base 3?
22010112
-144202 (base 5) to base 9
-8423
-233130 (base 4) to base 12
-1910
Convert -1da4 (base 14) to base 2.
-1010100111100
5580 (base 10) to base 13
2703
What is -722 (base 10) in base 11?
-5a7
What is -12345 (base 6) in base 13?
-b06
20122 (base 6) to base 13
1283
b268 (base 12) to base 3
222120122
Convert 9750 (base 15) to base 14.
b957
-88d (base 16) to base 6
-14045
What is -748 (base 10) in base 8?
-1354
8cd (base 14) to base 8
3325
What is -aa6 (base 13) in base 7?
-5216
Convert -10256 (base 9) to base 5.
-204044
What is 10202 (base 4) in base 2?
100100010
1010010001101 (base 2) to base 5
132021
What is -1063 (base 13) in base 15?
-a1d
What is 9d (base 15) in base 4?
2110
What is 3504 (base 6) in base 4?
31000
What is -326 (base 12) in base 13?
-297
What is 2461 (base 9) in base 8?
3455
-7530 (base 8) to base 16
-f58
-4530 (base 15) to base 13
-68a6
Convert -3806 (base 9) to base 6.
-21053
Convert -21112000 (base 3) to base 7.
-21660
Convert -545133 (base 6) to base 2.
-1011000010010001
Convert -312111 (base 7) to base 15.
-10d10
Convert -2122 (base 4) to base 13.
-bb
What is 210112111 (base 3) in base 5?
1000300
Convert 7732 (base 13) to base 8.
40333
-1442 (base 7) to base 3
-210002
Convert -10040 (base 5) to base 9.
-786
110130 (base 4) to base 2
10100011100
What is 197 (base 12) in base 9?
317
What is 320112 (base 5) in base 16?
29a1
What is -22505 (base 6) in base 5?
-100314
Convert -7332 (base 10) to base 16.
-1ca4
-1014 (base 12) to base 9
-2347
-325 (base 14) to base 4
-21231
What is -1000111111011 (base 2) in base 10?
-4603
What is -107b4 (base 13) in base 5?
-1424031
-d63 (base 14) to base 12
-1637
What is 16189 (base 11) in base 9?
34303
What is -751 (base 16) in base 5?
-24443
What is -4430 (base 5) in base 8?
-1147
-30133 (base 4) to base 16
-31f
What is 106c (base 13) in base 11?
179a
Convert -502 (base 7) to base 11.
-205
Convert 101201122 (base 3) to base 12.
4638
-5a2 (base 13) to base 12
-695
Convert 1091 (base 16) to base 14.
178d
Convert -61631 (base 7) to base 6.
-153425
What is 115 (base 16) in base 13?
184
-10000110101 (base 2) to base 10
-1077
a894 (base 12) to base 3
221102211
Convert -385d (base 15) to base 8.
-27355
-13133 (base 6) to base 10
-2001
-47214 (base 8) to base 7
-112424
Convert 1000001011001 (base 2) to base 3.
12202000
Convert 393 (base 14) to base 2.
1011001101
What is -18c (base 14) in base 4?
-11000
Convert 17295 (base 10) to base 12.
a013
-1571 (base 8) to base 3
-1012221
Convert -40433 (base 5) to base 10.
-2618
382 (base 9) to base 16
13d
What is -111111101100100 (base 2) in base 11?
-22558
What is 51413 (base 6) in base 3?
100101200
6408 (base 10) to base 3
22210100
What is 1101010001 (base 2) in base 7?
2322
32314 (base 5) to base 6
14121
661c (base 14) to base 3
220020022
Convert 81a9 (base 12) to base 4.
3130101
-54353 (base 7) to base 4
-3103322
Convert 13b (base 13) to base 10.
219
-370 (base 12) to base 6
-2220
-a2 (base 11) to base 15
-77
-2547 (base 12) to base 4
-1002013
Convert 188b8 (base 14) to base 6.
1155254
What is 10747 (base 10) in base 5?
320442
Convert 10000110011001 (base 2) to base 14.
31c5
Convert -57721 (base 8) to base 5.
-1241104
What is -676 (base 11) in base 12?
-575
Convert 71ba (base 13) to base 3.
210112112
Convert -348 (base 10) to base 8.
-534
Convert 54643 (base 9) to base 13.
13662
Convert 11011101001110 (base 2) to base 9.
21371
What is 3a23 (base 12) in base 13?
3048
21a (base 12) to base 7
622
What is -130442 (base 5) in base 2?
-